Let w(g) = -2*g + 7. Let h = 769 - 763. What is the remainder when w(-5) is divided by h?
5
Let z(k) = -2*k - 1. What is the remainder when (3432/99 + -34)/(4/366) is divided by z(-5)?
7
Let d = -21 - -25. Suppose 12 = 3*b, -d*b + 11 - 3 = -2*f. Suppose 26 = 2*u - 3*p, 26 = -3*u + 5*u - 4*p. What is the remainder when u is divided by f?
1
Let m be (76*-9)/(-4) + 4. Suppose -67 + m = o. Calculate the remainder when o is divided by 16.
12
Let v = 184 + -93. Suppose -3*p + 3*h + 0*h + 105 = 0, 0 = 4*p + h - 120. What is the remainder when v is divided by p?
29
Calculate the remainder when 4*372/8 + -7 is divided by 48.
35
Let w be (-1)/((-4)/(-48)*-3). Let d(f) = 17*f - 20. What is the remainder when d(w) is divided by 17?
14
Let w(m) = -9 + 6*m**2 + 6*m - 13*m**2 + 8*m**2. Let i be w(-8). Calculate the remainder when 14 is divided by 6 - i - (-2 + -3).
2
Let u(b) = b**2 - 4. Let v(l) = -l**3 + 5*l**2 + 5*l - 8. What is the remainder when v(5) is divided by u(3)?
2
Suppose 0 = -4*x + 54 - 46. What is the remainder when ((-2)/(8/236) + x)/(-1) is divided by 20?
17
Let d(l) be the second derivative of l**5/10 + l**4/4 - l**2 + 3*l. Let z be d(-2). What is the remainder when (z - -18)*(-1)/(-2) is divided by 4?
2
Suppose -2*v = 2 - 20. Let t = 2 + v. Suppose 3*f + 5 = t. What is the remainder when 9 is divided by f?
1
Let b = 3 - -14. Let r be -9*-1*(-4)/(-18). Suppose -1 + 133 = r*y. What is the remainder when y is divided by b?
15
Let g(f) = -5*f + 94. Suppose -4*p + 64 = 2*j, 2*p + 2*p = -4*j + 120. Suppose 4*s - 36 = j. Calculate the remainder when s is divided by g(17).
7
Let b = -24108 - -24128. Suppose -3*o + 231 + 183 = 0. Calculate the remainder when o is divided by b.
18
What is the remainder when -3 - 44/(-16) - 14135/(-44) is divided by 18?
15
Let m(q) = 2*q**2 + 8*q + 5. Let b be m(-6). What is the remainder when 96 is divided by b - 8/3*3/2?
21
Suppose -10*f + 24 = -2*f. Suppose -34 + 19 = -f*r. Suppose -4*o = -9*o + 95. What is the remainder when o is divided by r?
4
Let i(y) = 2*y**3 - y**3 + 3*y + 7*y**2 + 6*y + 6. Calculate the remainder when 34 is divided by i(-4).
16
Suppose -9*p = -509 + 41. What is the remainder when 672 is divided by p?
48
Suppose 2351 = 49*s + 293. Calculate the remainder when 249 is divided by s.
39
Let v be (-570)/(-135) + (-4)/18. Suppose 0*h = h - v*s - 32, -4*h = -4*s - 164. Calculate the remainder when h is divided by 15.
14
Let c(j) = 78*j - 567. What is the remainder when c(18) is divided by 56?
53
Let i = -181 + -263. Calculate the remainder when (i/(-9))/((-10)/(-15)) is divided by 19.
17
Suppose -2*s + 10 = 2*q, -2*s = -4*q + 2 + 30. What is the remainder when 26 is divided by q?
5
Let j(z) = 38*z**2 - 1. Let x(k) = 3*k + 13. What is the remainder when x(20) is divided by j(1)?
36
Let a = -208 + 235. What is the remainder when 498 is divided by a?
12
Let b(i) = -7 + 0*i + 8*i + 5*i + i**2 - 7*i. Calculate the remainder when b(4) is divided by 17.
16
Suppose -17*s - 96 = -20*s. Let l = s - 29. Suppose 8*u - l*u = -5*o + 20, -2*u - 6 = 0. Calculate the remainder when 27 is divided by o.
6
Let j(l) = 12*l**2 + 3*l - 3. Calculate the remainder when j(2) is divided by ((-3)/9)/(4/(-108)).
6
Suppose -3*p = 2*o - 1082 - 2042, -5206 = -5*p - 4*o. What is the remainder when p is divided by 19?
16
Suppose 267 = 6*s + h - 81, 0 = s - h - 58. Calculate the remainder when 158 is divided by s.
42
Let d = 24 - 21. Let k = 4 - 0. Calculate the remainder when -13*(-2)/6*d is divided by k.
1
Suppose -99*r - 276 = -111*r. Let p(q) = -2*q**3 - 2*q**2. Let v be (-4)/2*(-2 + 3). What is the remainder when r is divided by p(v)?
7
Let l(s) be the third derivative of -s**5/60 - s**4/3 + s**3/6 + 120*s**2. Let y = -13 + 6. Calculate the remainder when 11 is divided by l(y).
3
What is the remainder when 317 + (-9 - -1) + 3 is divided by 90?
42
Calculate the remainder when 2/13 - 552415/(-4355) is divided by -16*2*-1 - 0.
31
Suppose 5*b - 3*x - 71 = x, -3*x = 4*b - 32. Calculate the remainder when 9/(-4)*64/(-6) is divided by b.
2
Suppose 0 = 6*r - 7*r + 4*y + 24, -2*r + 2*y = -54. What is the remainder when 53 is divided by r?
25
Suppose -15 = -4*n + 5. Suppose 2*f + 45 = 4*f - n*d, 5*f + 5*d = 165. Suppose -12*j = -46 - 86. Calculate the remainder when f is divided by j.
8
Let j = 151 + 134. Calculate the remainder when j is divided by 12.
9
Suppose 2*k + 5*s - 3 = 3*k, 3 = 3*s. Suppose -6*p + 276 = -k*p. Suppose -p = -6*z + 87. What is the remainder when z is divided by 7?
5
Let y(z) = z**3 + 11*z**2 + 2*z - 1. Let b be y(-11). Let k = b + 40. What is the remainder when k is divided by (-11)/((-16)/48 - (-4)/(-6))?
6
Suppose -11*n + 10*n + 3 = 0. Suppose 1 + 0 = -a, -n*m + 2*a = -11. Suppose m*v + 12 = 4*v. What is the remainder when 20 is divided by v?
8
Let s be 31 + (3 - (-4)/(-2)). Let h = 373 - 284. Calculate the remainder when h is divided by s - (-1 - 3*-1).
29
Let n = -8 - -10. Suppose -l - 32 = 3*m - m, -5*m - n*l = 79. Let c = 43 + m. Calculate the remainder when c is divided by 10.
8
Let x(d) = -16*d + 21. Let b be x(9). Let k = b - -245. Calculate the remainder when k is divided by 32.
26
Let t(u) = -u**3 - 27*u**2 - 24*u + 44. Let r be t(-26). Calculate the remainder when (3*6/r)/(2/(-24)) is divided by 8.
3
Calculate the remainder when 554 is divided by (-1)/((3 + 3)/18) + 18.
14
Let z = 13 + -11. Calculate the remainder when 82 is divided by 42/z*(-6)/(-9).
12
Let x = -8 - -1. What is the remainder when 22 is divided by -30*x/((-175)/(-10))?
10
Suppose -6*j - 4*n = -5*j - 159, -4*j = 4*n - 696. What is the remainder when j is divided by 23?
18
Let j(f) = f**3 - 6*f**2 + 7*f - 5. Suppose 19 = p - 3*n - 30, 5*p - 245 = 4*n. What is the remainder when p is divided by j(5)?
4
Suppose 3*r + 0 = 9, -x = 2*r - 9. Let b(u) = 14*u - 6. What is the remainder when 140 is divided by b(x)?
32
Suppose -3*c + t + 69 = 0, 0*c + 23 = c + 2*t. Let f be 3/(-30)*-38 - (-3)/15. Suppose d = f + 2. Calculate the remainder when c is divided by d.
5
Let l(s) be the third derivative of s**5/30 + s**4/3 + 5*s**3/2 - 10*s**2. Calculate the remainder when l(-5) is divided by 3.
1
Let j = -5 + 20. Calculate the remainder when 25 is divided by 54/4*10/j.
7
Let l = -367 - -1118. What is the remainder when l is divided by 58?
55
Suppose 14*d - 6*d - 48 = 0. What is the remainder when (-112)/6*6/(-4) is divided by d?
4
Let b = 137 + -133. What is the remainder when 31 is divided by b?
3
Suppose -h = 3*q - 3, -1 = -h + 5*q - 6. Suppose 0*c + c - 5 = h. Let v(r) = -r**3 + 6*r**2 + 2*r + 3. What is the remainder when v(c) is divided by 13?
12
Suppose 4*c - 30 = m, -8*c = -4*c - 3*m - 26. Calculate the remainder when 100 is divided by c.
4
Let z be (-1)/(-5) - (-78)/(-15). Let b be (z/(-10))/(1/2). Let x(u) = 167*u**3 - 2*u**2 + 2*u - 1. What is the remainder when x(b) is divided by 42?
40
Let v = -1 + 4. Let c(s) = -9*s - 70. What is the remainder when v is divided by c(-8)?
1
Suppose 0 = 5*b - 4*g + 7 - 46, -4*g = 4*b - 24. Let z(m) = 3*m**2 - 18*m - 27. What is the remainder when z(-3) is divided by b?
5
Let g be (-6)/(-4) + (-8)/16 - -7. Let z = g - -5. Calculate the remainder when 19 is divided by z.
6
Calculate the remainder when 217*(5 - (-7 + 81/7)) is divided by 48.
45
Let u = 31 + -27. Suppose -5*q - 3*y = 27, -6*y + 2 = -u*y. Let l = q - -13. What is the remainder when 11 is divided by l?
4
Suppose 0 = 5*d + 5*g, 43 = -4*d + 4*g + 3. Let k be 36/60 - (-13)/d. Calculate the remainder when 1/k*(6 - 56) is divided by 7.
4
Suppose 0 = -5*q + 94 - 19. Let g = q - 13. Calculate the remainder when 33 is divided by ((-108)/63)/(g/(-21)).
15
Let o be 4*-2*(-60)/(-32). Let b = o - -16. What is the remainder when b is divided by 1?
0
Let m(a) = 4*a - 6. Let i be m(-6). Let k = 16 + i. Let n(r) = -4*r - 6. Calculate the remainder when n(k) is divided by 17.
16
Suppose 0*x = -4*x. Let g be 687/7 + (12/(-2))/42. Suppose -4*n + 102 + g = x. What is the remainder when n is divided by 13?
11
Let p be (-1 + -1)/(4/(-14)). Let y = -11 + p. Let q = y + 42. Calculate the remainder when q is divided by 13.
12
Let h = -975 - -982. What is the remainder when 160 is divided by h?
6
Let s be 27/(-2)*40/(-30). Suppose -w = -7*w + s. Calculate the remainder